-17).
31
Suppose -5*o + 4 = 2*r, -2*r - 4*o + 6 = 2. Suppose -4*v - 4*a + 152 = 0, 0 = -4*v + 7*a - r*a + 125. Calculate the remainder when v is divided by 10.
5
Let q(f) = 20*f + 115. Let i = -3 + -89. Let x = i - -136. Calculate the remainder when x is divided by q(-5).
14
Let d(y) = -4*y + 19. Let x be d(7). Let z = x - -21. Calculate the remainder when 31 is divided by z.
7
Let o(h) = 5*h - 7. Suppose -18 = -2*y - 4*v, -5*y - 4*v + 7 + 20 = 0. Suppose 0 = 3*r + 13 - 103. What is the remainder when r is divided by o(y)?
6
Let k = 5 + 13. Let h = k - 8. Suppose -2 - 2 = -4*r - 4*v, 2*v - h = -4*r. What is the remainder when 7 is divided by r?
3
Suppose 0 = 5*y - 55 - 35. Suppose y = -i + 3*i. Suppose -4*r + 5*s + 70 = 0, 4*r - 71 = -r - 2*s. Calculate the remainder when r is divided by i.
6
Suppose -5*a = -4*m + 42, -m - 33 + 6 = 5*a. Let j = -1 - a. Suppose -38 = -3*o + 4*l - 2, 0 = 4*o - l - 48. What is the remainder when o is divided by j?
2
Calculate the remainder when 365 is divided by (-196)/112 - 382/(-8).
43
Suppose -r + 6*r - 245 = 0. Let h be ((-1)/3)/((-8)/48). Suppose d - 15 = -h. Calculate the remainder when r is divided by d.
10
Suppose -3*p = -2*h + 37 + 37, -5*p + 10 = 0. Let k = -20 + 42. What is the remainder when h is divided by k?
18
Suppose -281 = 31*s - 32*s - 2*i, 0 = 5*i - 10. Calculate the remainder when s is divided by 96.
85
Let u be -1*(-1 - (-1)/1). Suppose -3*a + a + 18 = u. Let k = 2 + 13. Calculate the remainder when k is divided by a.
6
Suppose 34*t - 550 = 24*t. Calculate the remainder when t is divided by (2 + -89)*8/(-24).
26
Let g = 1839 + 3758. Calculate the remainder when ((-6)/5)/(-3) - g/(-145) is divided by 20.
19
Calculate the remainder when 59 is divided by 432/14 - (-88)/616.
28
Suppose -m + 5*u = -1434, -3*u = -39*m + 35*m + 5702. What is the remainder when m is divided by 15?
14
Let x = 26 + -23. Let z(k) = 2*k + 0*k + k**2 - x + 4*k. What is the remainder when 93 is divided by z(3)?
21
Let v(u) = -23*u - 38. Let p be v(-6). Suppose 4*s - 88 = p. Calculate the remainder when s is divided by 8.
7
Suppose -7*j - 31 = -339. What is the remainder when j is divided by (16 + 0)*20/40?
4
Suppose -304 = z - 334. What is the remainder when 192 is divided by z?
12
Suppose -5*n + q = -505, -n - 2*q + 101 = -0*n. Calculate the remainder when n is divided by 52.
49
Let w be ((-5)/(-10))/(4/8). What is the remainder when (-8 + 7 - (0 + w)) + 70 is divided by 35?
33
What is the remainder when 80283/315 - (-4)/30 is divided by 64?
63
Let o(y) = y**2 - 12*y + 25. What is the remainder when 154 is divided by o(10)?
4
Suppose -4*x = 18 + 34. Let h = x - -25. What is the remainder when 0 - (-3)/(h/56) is divided by 5?
4
Suppose 13*j - 15*j = -56. Calculate the remainder when 82 is divided by j.
26
What is the remainder when 115 is divided by (2/7)/(4/238)?
13
Let r(l) = -18*l**2 - 26*l + 2. Let t(z) = -z**3 + 6*z**2 + 4*z - 7. Calculate the remainder when t(6) is divided by r(-1).
7
Suppose -4*f - m + 5 = 0, 3*f - 3 = -2*m + 7. Suppose -y - u = -2*y + 8, f = -4*y + u + 17. What is the remainder when 15 is divided by y?
0
Let u(f) = -f**3 + 8*f**2 - 2*f + 18. What is the remainder when 247 is divided by u(0)?
13
Suppose -2*y + 45 = 3*p + y, 3*y = 4*p - 67. What is the remainder when 47/(-1 + 1 - -1) is divided by p?
15
Let w(b) = -b**2 - 3*b + 97. What is the remainder when 79 is divided by w(7)?
25
Let v = 11 - 7. Suppose 0*m = -v*m + 100. Let g = -6 + 13. Calculate the remainder when m is divided by g.
4
Suppose -3*r + r + 122 = g, 5*r + 333 = 3*g. Suppose 4*o - 180 = -l, 3*l - 7*l = -3*o + g. Suppose s + s - 46 = 0. What is the remainder when o is divided by s?
21
Suppose 18*j + 75 - 1443 = 0. Suppose 0 = 3*o + 4*m - 0 - 18, 2*o = -m + 17. What is the remainder when j is divided by o?
6
Suppose -116 = -4*x - 0*x. Let o(y) = y - 15. Let k be o(19). Suppose 2*n = -3 + 1, k*t + 2*n - 30 = 0. What is the remainder when x is divided by t?
5
Let u = 41 - 24. Let z(n) = n + 11. Let l be z(-9). Suppose 0*d - l*b = d - 2, d + 2 = -4*b. Calculate the remainder when u is divided by d.
5
Suppose 4*o + u + 7 = -45, -3*u + 12 = -2*o. Calculate the remainder when (-133)/(-42) - (-2)/o is divided by 3.
0
Let h(p) = p**2 - 5*p + 7. Let m = -15 + 20. Let t be h(m). Suppose 0 = -2*z + t*z - 20. Calculate the remainder when 6 is divided by z.
2
Let p = -432 - -483. What is the remainder when 192 is divided by p?
39
Let t = -37 - -39. What is the remainder when 3 is divided by t*9/(-12)*4/(-6)?
0
Suppose 6*r = 124 + 560. Calculate the remainder when r is divided by 22.
4
What is the remainder when 3964/14 - (-1)/(-7) is divided by 71?
70
Let d(q) = -q + 4. Let j be d(0). Suppose 0 = 3*n + i - j*i - 33, -5*n + 49 = -3*i. Suppose -a = n - 52. What is the remainder when a is divided by 12?
8
Suppose 5*q + 2*j - 346 = 0, 3*q = 2*j + 215 - 17. Calculate the remainder when q is divided by 35.
33
Let w be 2/13 - 4/26. Calculate the remainder when (-44)/(-2) + (-4 - w) is divided by 7.
4
Suppose d + d + 30 = 0. Let y be (-22)/4 - d/10. Calculate the remainder when 39 is divided by -1*1/(y/56).
11
Let r be 22/(-5) - (-6)/15. Suppose 18*l - 19 = 37*l. What is the remainder when 19 is divided by r + (10 - 4/l)?
9
Let y be (0 - 0)*(22 - 21). Suppose k + 11 - 28 = y. Let i = 26 - k. What is the remainder when 16 is divided by i?
7
Let o(z) = z**3 - 6*z**2 - 8*z + 10. Let d be o(7). Suppose 28 = 5*r + d. Calculate the remainder when 28 is divided by r.
3
Suppose 3*y + 2*b - 8 = 0, -y + 3*y = -4*b. Suppose 0 = k - 5*a - 27 - 16, y*k = 2*a + 244. What is the remainder when k is divided by 16?
15
Suppose 4*y + 4*w - 88 = 0, 2*w = w - 3. Let h(c) = 18*c. Let p be h(8). Suppose -p = -3*z + z. Calculate the remainder when z is divided by y.
22
Let k = 461 - 433. What is the remainder when 473 is divided by k?
25
What is the remainder when (2 - -65)*(-2 - 12/(-4)) is divided by 17?
16
Let g(d) be the first derivative of d**3/3 + 3*d**2 + 3*d + 5. Let v(n) = -n**2 - 7*n - 3. Calculate the remainder when v(-3) is divided by g(-6).
0
Suppose 0 = -3*a + 3*x + 255, 5*a - 4*x = -0*x + 430. Suppose 5*l - 5*h + 18 = 6*l, -3*h = -3*l + a. What is the remainder when l is divided by 6?
4
Suppose 17*m - 16*m = 0. Suppose m = b + 2 - 14. What is the remainder when 47 is divided by b?
11
Suppose 0 = q - 3 - 10. Let w = -6 + q. Suppose -9 = k + 2*g - 45, -3*g - 115 = -5*k. Calculate the remainder when k is divided by w.
5
Let n(o) = o**2 - o + 3. Suppose -56 + 158 = 6*v. Suppose 9*a - 44 = -v. What is the remainder when n(3) is divided by a?
0
Suppose -2*f = -3*g - 90, -3*f + f + g + 86 = 0. What is the remainder when f is divided by 8?
2
Let m = 1398 + -1301. Calculate the remainder when 208 is divided by m.
14
Suppose 3*z - 183 = v, v = 3*z + 3*v - 183. Suppose 0 = -5*x - s + z, -23 = -2*x + s - 0*s. Calculate the remainder when 107 is divided by x.
11
Suppose 3*q - y = -2*q + 9, -5*q - 5*y = -15. What is the remainder when (48/(-9))/(q/(-21)) is divided by 30?
26
Suppose 0 = 4*c - h - 20 - 45, 3*h = -15. Suppose g + 174 = 4*g + p, 0 = g + p - 58. Calculate the remainder when g is divided by c.
13
Calculate the remainder when (3608/(-220))/(2/(-15)) is divided by 63.
60
Let x = 164 + -104. Calculate the remainder when 177 is divided by x.
57
Suppose -6*n = -0*n - 30. Let a(z) = -z**3 - 8*z**2 - 6*z + 7. Let f be a(-8). Suppose -n*x - f = -10*x. What is the remainder when 29 is divided by x?
7
Suppose 4*k = 2*l + 8, -4*k - 4 = -0*k - 5*l. Suppose 0*r = k*r + 48. What is the remainder when (r/14)/((-2)/84) is divided by 13?
10
Suppose 5*a - 13*a = -1544. What is the remainder when a is divided by 67?
59
Suppose 15 = 3*s + 84. Let g = -18 - s. Suppose u = 6*u + 2*v - 35, 0 = -4*u + 3*v + g. Calculate the remainder when 18 is divided by u.
3
Suppose 0 = 14*d - 89 - 233. What is the remainder when d is divided by 22?
1
Let x(u) = -u**2 - 9*u - 5. Let p(q) = -q**3 - 15*q**2 + 2*q + 67. Calculate the remainder when p(-15) is divided by x(-6).
11
Let v = -144 + 152. Calculate the remainder when 20 is divided by v.
4
Let p be 2*4/24*39. Let w(z) = 13*z + 2. Let q be w(p). Let r = q + -53. What is the remainder when r is divided by 30?
28
Let u be 4 - 4*5/10. Suppose -u*c